alse
Is 11345407 composite?
True
Is 263323 composite?
False
Is 35296589 composite?
False
Is 4081027 prime?
False
Is 5489807 prime?
True
Is 14746127 a prime number?
False
Is 6423713 prime?
False
Is 218509 a composite number?
False
Is 164003923 prime?
True
Is 11348509 prime?
True
Is 18720211 prime?
False
Is 2614319 prime?
False
Is 12709121 a composite number?
False
Is 1991089 composite?
False
Is 409691 prime?
True
Is 1730623 a composite number?
False
Is 126117023 a prime number?
True
Is 48939343 composite?
True
Is 73675391 composite?
False
Is 27044609 prime?
True
Is 17555855 a prime number?
False
Is 114992719 a prime number?
True
Is 21757763 a composite number?
True
Is 8138287 composite?
True
Is 106414667 prime?
True
Is 6628187 composite?
True
Is 24473129 a composite number?
True
Is 165326123 a prime number?
False
Is 1056443 prime?
True
Is 88097 a prime number?
False
Is 772091 a composite number?
False
Is 131452799 prime?
False
Is 123999 a prime number?
False
Is 30343541 a composite number?
True
Is 2186911 prime?
False
Is 7590787 a composite number?
False
Is 184844501 prime?
True
Is 1622986 a composite number?
True
Is 9583027 a composite number?
True
Is 15176558 a prime number?
False
Is 166060163 a prime number?
False
Is 1729213 composite?
True
Is 3650677 composite?
False
Is 24170123 prime?
False
Is 401369 a composite number?
True
Is 1216275727 composite?
True
Is 230927 prime?
False
Is 3530507 a prime number?
True
Is 35916301 a composite number?
True
Is 136893 composite?
True
Is 4721597 a prime number?
False
Is 460823603 a prime number?
False
Is 94038233 composite?
True
Is 29186237 prime?
True
Is 1473919 composite?
False
Is 1293899 a composite number?
False
Is 41467 prime?
True
Is 1122163 composite?
True
Is 2042773 composite?
True
Is 16656067 prime?
True
Is 252480397 a prime number?
False
Is 77420719 a composite number?
False
Is 2111293 a prime number?
False
Is 15429529 prime?
True
Is 9769039 a composite number?
True
Is 117831641 composite?
True
Is 46591229 composite?
True
Is 99184099 a composite number?
True
Is 3409613 a composite number?
True
Is 185411 prime?
False
Is 31285967 a prime number?
False
Is 1427339 a composite number?
True
Is 7411603 prime?
False
Is 206984717 a prime number?
True
Is 3218379 composite?
True
Is 62410681 prime?
False
Is 37434421 a composite number?
False
Is 9360647 prime?
True
Is 2527813 a composite number?
True
Is 1065541 prime?
False
Is 128301419 composite?
False
Is 323479393 composite?
False
Is 3148319 prime?
False
Is 59711911 a composite number?
True
Is 43350911 a composite number?
True
Is 1922209 prime?
True
Is 1986829 a prime number?
False
Is 32291873 a composite number?
False
Is 16861073 a composite number?
True
Is 1427659 composite?
True
Is 8532037 a prime number?
False
Is 1857391 composite?
False
Is 66919759 a composite number?
True
Is 3857242 composite?
True
Is 25820407 a composite number?
False
Is 17819741 prime?
True
Is 302111 prime?
True
Is 47868869 composite?
True
Is 1489697 prime?
False
Is 2012287 composite?
False
Is 84196295 prime?
False
Is 6712141 a prime number?
True
Is 28095377 a prime number?
True
Is 30039199 prime?
True
Is 3713993 composite?
False
Is 25805407 a prime number?
True
Is 6016987 composite?
True
Is 4743017 a prime number?
False
Is 2680231 a prime number?
True
Is 2079149 a composite number?
False
Is 1125547 prime?
False
Is 1885469 a composite number?
False
Is 6544333 composite?
False
Is 1927391 composite?
True
Is 18438391 a prime number?
True
Is 97225759 prime?
True
Is 176221102 a prime number?
False
Is 28103087 a prime number?
False
Is 43597949 a composite number?
True
Is 6224957 a composite number?
True
Is 21690451 a prime number?
True
Is 7142173 prime?
True
Is 361136381 a prime number?
False
Is 29156269 a prime number?
True
Is 6160633 composite?
False
Is 187337 a prime number?
True
Is 64509223 a composite number?
True
Is 2951009 prime?
False
Is 6056767 a composite number?
False
Is 194201 prime?
False
Is 163163647 prime?
True
Is 3291287 composite?
True
Is 23911978 a composite number?
True
Is 30037573 a composite number?
False
Is 112980193 a composite number?
False
Is 215945803 composite?
True
Is 82526419 a prime number?
True
Is 139937761 a prime number?
False
Is 10110511 prime?
True
Is 556559 a composite number?
False
Is 299917 a prime number?
False
Is 1025357 a composite number?
True
Is 31046941 prime?
False
Is 1417631 a composite number?
False
Is 7789073 a prime number?
True
Is 6710863 composite?
False
Is 285191837 a composite number?
True
Is 14640979 composite?
False
Is 23103733 a prime number?
False
Is 24902 prime?
False
Is 8667079 composite?
False
Is 75569677 composite?
True
Is 1197129 composite?
True
Is 45956657 prime?
True
Is 320627 a composite number?
False
Is 1423231 composite?
False
Is 641462291 prime?
True
Is 47861539 a prime number?
False
Is 710119 composite?
False
Is 863479 a composite number?
False
Is 3577409 prime?
False
Is 27659549 prime?
True
Is 150930973 a composite number?
False
Is 5898619 a prime number?
False
Is 7511947 a prime number?
True
Is 1037677 composite?
False
Is 37289717 prime?
True
Is 3124013 a prime number?
True
Is 252581 a composite number?
True
Is 11446747 a prime number?
False
Is 87662111 prime?
True
Is 7631717 a composite number?
True
Is 35603521 prime?
True
Is 25670093 prime?
False
Is 67469001 prime?
False
Is 6693239 a composite number?
True
Is 45522398 composite?
True
Is 306689 prime?
True
Is 354728911 composite?
True
Is 374903881 prime?
False
Is 5429059 a prime number?
True
Is 6648133 composite?
False
Is 7047163 prime?
False
Is 845314381 a composite number?
False
Is 4477831 composite?
True
Is 40669537 prime?
True
Is 15882211 composite?
True
Is 67781693 a composite number?
True
Is 379937 prime?
False
Is 30619451 a composite number?
True
Is 38086547 prime?
False
Is 814857053 a composite number?
False
Is 65462741 a composite number?
False
Is 7588641 composite?
True
Is 379792651 a prime number?
False
Is 114069647 composite?
True
Is 4164863 a composite number?
True
Is 333507385 a composite number?
True
Is 613411 a composite number?
True
Is 2184883 prime?
False
Is 5921497 composite?
True
Is 251310478 prime?
False
Is 1099649467 a prime number?
False
Is 158647981 a composite number?
False
Is 3269143 a composite number?
False
Is 267314557 composite?
False
Is 17084027 a composite number?
True
Is 14891147 a composite number?
False
Is 127650553 a composite number?
True
Is 99329591 prime?
False
Is 39613857 a prime number?
False
Is 95625647 a composite number?
True
Is 2200867 a prime number?
True
Is 3686503 prime?
True
Is 9227 a prime number?
True
Is 63270071 a prime number?
False
Is 26419373 composite?
True
Is 1755023 a prime number?
True
Is 6494689 prime?
True
Is 11006101 a composite number?
False
Is 132622993 prime?
True
Is 3738907 a composite number?
False
Is 15480617 prime?
True
Is 53072251 prime?
True
Is 18406063 a composite number?
True
Is 1539319 a composite number?
True
Is 11339479 composite?
True
Is 150108173 composite?
False
Is 75929 a composite number?
True
Is 24902357 a composite number?
False
Is 5781371 a prime number?
True
Is 5410133 a prime number?
False
Is 27066563 prime?
True
Is 1278097 a composite number?
False
Is 87487643 composite?
False
Is 25006691 prime?
False
Is 106998893 a prime number?
False
Is 121643213 prime?
True
Is 216259 a prime number?
True
Is 56745797 a composite number?
False
Is 16703647 a composite number?
True
Is 23427307 composite?
True
Is 29696461 a prime number?
True
Is 12236321 a composite number?
False
Is 9833869 a prime number?
True
Is 3252157 a composite number?
True
Is 19752149 a prime number?
True
Is 70490897 prime?
True
Is 120535343 a prime number?
True
Is 3415541 a composite number?
False
Is 26682293 a composite number?
True
Is 4416703 prime?
True
Is 254505085 composite?
True
Is 1776193 composite?
False
Is 20453687 prime?
True
Is 5095007 prime?
False
Is 24868783 prime?
False
Is 1796359 prime?
False
Is 1039177 a composite number?
True
Is 8248577 prime?
True
Is 11080235 prime?
False
Is 3259379 composite?
False
Is 1455079 composite?
False
Is 4896689 prime?
False
Is 12086791 a prime number?
False
Is 43934197 a composite number?
True
Is 220846859 composite?
False
Is 6548981 a prime number?
True
Is 52196659 composite